 -3*h - 15 = 4*c - 9*c, -s*c = 3*h - 9. What are the prime factors of c?
3
Suppose -5*q = 3*q - 2752. Let y = -189 + q. List the prime factors of y.
5, 31
Suppose 264*t - 3864 = 260*t. List the prime factors of t.
2, 3, 7, 23
Let b(k) = 114*k**2 + 4*k + 1. What are the prime factors of b(-1)?
3, 37
Suppose -197 = -2*c + 437. List the prime factors of c.
317
Let i(b) = -33*b + 84. Let o(l) = 8*l - 21. Let q(s) = 2*i(s) + 9*o(s). List the prime factors of q(11).
3, 5
Suppose 4*p + 9 = -11. Let d(u) = 2*u**2 - 6. Let y be d(p). Suppose 14 = -x - 2*q + y, 4*x - 108 = -4*q. List the prime factors of x.
2, 3
Let o(v) = v + 14. Let z be o(-11). Let l be -2*((-10)/(-4) - z). List the prime factors of (1 + l - 5) + 16.
13
Let o(s) = 16*s + 45 + 47 - 84. List the prime factors of o(10).
2, 3, 7
Let a(i) = -85*i + 5. Let x be a(-3). Suppose -6*s = x - 1124. What are the prime factors of s?
2, 3
Let j(g) = -14*g - 15. Let t(d) = -14 - 27*d + 1 - 18 + 1. Let z(f) = -11*j(f) + 6*t(f). List the prime factors of z(-5).
5
Let j be 32/15 - 2 - 898/(-15). Let o = 117 - j. List the prime factors of o.
3, 19
Suppose -4*i - 2*j + 242 = 0, 5*i - 6*i + 44 = -5*j. Suppose -3*q + i = -4*h + 6*h, -64 = -2*h - 4*q. What are the prime factors of h?
2, 11
Suppose 16 = -4*v, -2*q = -0*q + 4*v - 1562. List the prime factors of q.
3, 263
Let g(x) = -x**2 - 6*x + 3. Let s be g(-5). Suppose s*q = 6*q + 8. List the prime factors of 3 - q/(0 + -2).
5
Suppose 4*h = 9*h. Let c = h - -7. Suppose -c*w + 6*w = -39. What are the prime factors of w?
3, 13
Suppose 0 = 3*c - 2 - 4. Suppose c*k = -0*k + 18. List the prime factors of (1 + k)/(3/12).
2, 5
Let p(n) = n**3 + 6*n**2 + 5*n + 2. Let f be p(-5). Let b(c) = -c. Let o be b(f). Let y = 28 + o. What are the prime factors of y?
2, 13
Let q = 23 + -34. Let j = q + 19. Suppose -i + j = -38. List the prime factors of i.
2, 23
Suppose -8*n + 4*n + 564 = 4*j, 0 = -5*j + 4*n + 723. Suppose 0*b = -b + j. What are the prime factors of b?
11, 13
Suppose -5*d = -2*k + 210, 2*d + 196 = -2*d - 4*k. Suppose -5*c = 2*q + 2*q + 79, 0 = -3*c - 2*q - 49. Let a = c - d. What are the prime factors of a?
5
Suppose 2*p - 2*r = 1464, -10 = -7*r + 5*r. What are the prime factors of p?
11, 67
Suppose -4*w - 2*p + 12 = 0, -p + 0 = -w + 6. Let o = -11 - -8. List the prime factors of (-36)/w*14/o.
2, 3, 7
Suppose 0 = 4*g + 4*w - 1208, 4*g - 6*w + 4*w = 1238. What are the prime factors of g?
307
Let t(n) = n**3 + 10*n**2 - 6*n - 5. Let r be t(-10). Suppose -3*d + 2*a - 8 + 47 = 0, -2*d - 2*a + 16 = 0. Let c = r - d. List the prime factors of c.
2, 11
Suppose -3*s + 6*y + 6181 = -8936, -10087 = -2*s + y. What are the prime factors of s?
5, 1009
Let q(x) = x**3 - 2*x**2 - x - 2. Let a be q(3). Suppose -3*i + 56 = i. Let n = i + a. What are the prime factors of n?
2, 3
Let b(h) = -7*h - 3. Let z be (-3)/9*3*2. Let k be z/(-1)*(-10)/4. List the prime factors of b(k).
2
Let u be (2 + 2/(-2))/1. Suppose 0 = d - u + 2. What are the prime factors of d/(-2) + 47/2?
2, 3
Let z be (2 - -9)/((-2)/(-2)). Let p(a) = -20*a - 1 - 45*a + z*a. What are the prime factors of p(-1)?
53
Suppose -o - 60 = 3*h, -4*o + 3*h - 188 = 2*h. Let r = -7 - o. List the prime factors of r.
41
Let o = -585 + 1375. List the prime factors of o.
2, 5, 79
Suppose -6*k + 1692 = -3*k. Suppose 23*f - k = 19*f. What are the prime factors of f?
3, 47
Let s be (-18)/117 - 119/(-13). Suppose -s = f + 7*k - 3*k, f = 4*k + 7. Let m(u) = -41*u**3 + u**2 - u - 2. List the prime factors of m(f).
41
Let g = 9 + -7. Suppose -s = g*s. What are the prime factors of 40 - (0 - 2) - s?
2, 3, 7
Suppose 2*a = -3*a + 20. Suppose -17 - a = -2*y + 5*o, 3*y - 2*o - 15 = 0. Suppose -2*r = y*r - 220. What are the prime factors of r?
2, 11
Let v(z) = -z**3 - 9*z**2 + 10*z + 0*z**3 + 78 - 88. Let f be v(-10). Let j = f - -31. What are the prime factors of j?
3, 7
Let i = -1957 - -3588. What are the prime factors of i?
7, 233
Let d(b) = -b**3 + 2*b**2 - 3*b - 2. Let w be d(3). List the prime factors of 13 - w/(-5)*1.
3
Let k = 27 + 435. List the prime factors of k.
2, 3, 7, 11
Let w(y) = -2*y + 10. Let s be w(0). Let u be (-3 - -5)/(5/s). Suppose u*d + 5*j = 196, 2*d = -4*j + 67 + 31. List the prime factors of d.
7
Let i = -234 - -456. What are the prime factors of i?
2, 3, 37
Let m be 53/(-4) - (-2)/8. Let f(c) = -3*c + 8. List the prime factors of f(m).
47
List the prime factors of (8 - 2004/(-16))/((-1)/(-4)).
13, 41
Suppose 0 = 4*y - 8*y + 144. Let q = 54 - y. What are the prime factors of q?
2, 3
Let l(n) = 1. Let k(r) = r**3 - 4*r**2 - 3*r - 6. Let s(d) = k(d) + 2*l(d). Let h be s(5). What are the prime factors of (-12)/8*(-8)/h?
2
Let x be (-6)/39 - (-72982)/(-169). Let i = 710 + x. List the prime factors of i.
2, 139
Let d(u) = 2*u + 9. Let f be d(0). What are the prime factors of (12/f)/(2/39)?
2, 13
Let d = -663 + 757. What are the prime factors of d?
2, 47
Suppose m - 5*k - 293 = 0, 5*m = 3*k - 0*k + 1553. What are the prime factors of m?
313
Let u(l) = -60*l + 149. List the prime factors of u(-18).
1229
Let f be 1 + (6 - 1) + -3. Suppose -f*m + 0*m = -99. Suppose 0 = -5*a + 22 + m. List the prime factors of a.
11
Suppose 121 = -4*i - 115. Let s = i - -127. What are the prime factors of s?
2, 17
Suppose -4942 = -7*f + 3871. What are the prime factors of f?
1259
Suppose 3*d + 3*m = -2*m + 1081, -1430 = -4*d - m. List the prime factors of d.
3, 7, 17
Suppose 2*i - 13 = 15. Let k(f) be the first derivative of -f**4/4 + 5*f**3 - 13*f**2/2 + 7*f + 44. What are the prime factors of k(i)?
3, 7
List the prime factors of (-1 - -4) + (-329)/(-1).
2, 83
Suppose -5*l = -10, 5*l - 8 = 3*j - 2*j. Let v(p) = 29*p**3 - 11 + 14 - 27*p**3 + 3*p**2 - 4*p. What are the prime factors of v(j)?
23
Let z(k) = 5*k - 4. Let b(o) = o**3 + 16*o**2 + 15*o + 2. Let c be b(-15). Suppose 0 = -3*n - c + 14. List the prime factors of z(n).
2
Let o(z) = 2*z**2 - 16*z - 13. Let l be o(9). Suppose 3*x = l + 1. Suppose x*h - 36 - 52 = 0. What are the prime factors of h?
2, 11
Suppose -3*y - 9 = 0, 2*k - 4*y + 3*y - 927 = 0. List the prime factors of k.
2, 3, 7, 11
Suppose -680*m + 682*m - 5266 = 0. List the prime factors of m.
2633
Let t(f) = 50*f**2. Let p(u) = u**3 + 9*u**2 + 6*u - 17. Let i be p(-8). List the prime factors of t(i).
2, 5
Suppose -2 = f - 6. Suppose 5*z - 5*p - 30 = 0, 0 = 2*z - 4*z + p + 9. Suppose 84 = 4*s - 4*v, -f*s + z*v + 23 = -3*s. List the prime factors of s.
2, 5
List the prime factors of 936/24*(11 + 0).
3, 11, 13
Suppose 0 = 3*l + 4*f - 35, -l + 5*f = l - 54. Let x = 9 + l. List the prime factors of x.
2, 13
Let d be ((-52)/8 - 1)*-32. Suppose 0 = -6*k + k - d. List the prime factors of 0 - 2 - (12 + k).
2, 17
Let i = 145 + 213. List the prime factors of i.
2, 179
Let f = -139 + 32. Let z = f + 256. List the prime factors of z.
149
Let l be 6/3 - (2 + -2). Suppose -5*n + 15 = -a, -3*a - 3*n + 0*n = -9. Suppose 5*r - l*r - 51 = a. List the prime factors of r.
17
Let x(i) = i**3 + 9*i**2 - i - 6. Let w be x(-9). Suppose -3*y = -w*b + 24, -5*b = -y - 23 - 13. Let l(u) = u. What are the prime factors of l(b)?
7
Let m(a) = 6*a**3 + 39*a**2 - 60*a + 176. Let t(i) = i**3 + 8*i**2 - 12*i + 35. Let z(v) = 2*m(v) - 11*t(v). List the prime factors of z(11).
2, 5, 11
Suppose 0*y + 6 = 3*y. Let l(t) = 5*t**3 - 2*t**2 - 1. What are the prime factors of l(y)?
31
Let g(k) = 8*k**2 - 10*k + 1. Let w be (-2 - 0)*18/4. Let m be g(w). Suppose 7*s + 186 - m = 0. What are the prime factors of s?
79
Let x be 20/15*(-183)/(-2). Suppose 0 = -4*u + 278 + x. What are the prime factors of u?
2, 5
Suppose 3*q = -87*y + 82*y + 8361, 5*q + 5037 = 3*y. What are the prime factors of y?
2, 3, 31
Let y(d) = -12*d - 21. Let k(r) be the first derivative of 2*r + 6. Let o(h) = 22*k(h) + 2*y(h). List the prime factors of o(-1).
2, 13
Suppose 5*y = 5*c - 190, -5*c + 196 = -y + 2*y. List the prime factors of -2 + 84/c - (-19480)/130.
2, 3, 5
What are the prime factors of (-2 - -7986)/(-4)*30/(-40)?
3, 499
Suppose 6 + 6 = -2*q. List the prime factors of q*(-104)/(-36)*-6.
2, 13
Let m be 4 + (-4 - (-16)/4). Suppose -n + 130 = m*n. What are the prime factors of n?
2, 13
Let b(h) = -159*h**3 - 2*h**2 - 6*h - 10. What are the prime factors of b(-2)?
2, 3, 211
Suppose -2